the thousands digit of 4279?
4
What is the tens digit of 2050?
5
What is the hundreds digit of 16795?
7
What is the tens digit of 115?
1
What is the tens digit of 6859?
5
What is the thousands digit of 5580?
5
What is the hundreds digit of 470?
4
What is the thousands digit of 18034?
8
What is the ten thousands digit of 61798?
6
What is the units digit of 70891?
1
What is the tens digit of 254?
5
What is the hundreds digit of 47042?
0
What is the units digit of 28165?
5
What is the units digit of 9135?
5
What is the tens digit of 660?
6
What is the units digit of 3374?
4
What is the tens digit of 347?
4
What is the tens digit of 7640?
4
What is the ten thousands digit of 146405?
4
What is the hundreds digit of 47294?
2
What is the thousands digit of 8933?
8
What is the units digit of 1721?
1
What is the ten thousands digit of 46627?
4
What is the units digit of 776?
6
What is the hundreds digit of 6598?
5
What is the tens digit of 27374?
7
What is the thousands digit of 59654?
9
What is the hundreds digit of 288?
2
What is the thousands digit of 6735?
6
What is the thousands digit of 3191?
3
What is the ten thousands digit of 10160?
1
What is the tens digit of 7257?
5
What is the thousands digit of 1345?
1
What is the tens digit of 57268?
6
What is the units digit of 7320?
0
What is the tens digit of 113351?
5
What is the ten thousands digit of 10928?
1
What is the tens digit of 25759?
5
What is the thousands digit of 20126?
0
What is the hundreds digit of 3737?
7
What is the tens digit of 52411?
1
What is the tens digit of 3599?
9
What is the hundreds digit of 14621?
6
What is the tens digit of 9681?
8
What is the units digit of 1172?
2
What is the ten thousands digit of 23982?
2
What is the ten thousands digit of 16350?
1
What is the thousands digit of 3481?
3
What is the units digit of 1649?
9
What is the hundreds digit of 245?
2
What is the tens digit of 1496?
9
What is the units digit of 718?
8
What is the tens digit of 1120?
2
What is the units digit of 3379?
9
What is the units digit of 867?
7
What is the thousands digit of 2349?
2
What is the units digit of 2780?
0
What is the hundreds digit of 3145?
1
What is the hundreds digit of 2619?
6
What is the units digit of 11211?
1
What is the units digit of 114?
4
What is the tens digit of 527?
2
What is the tens digit of 643?
4
What is the thousands digit of 1189?
1
What is the tens digit of 2345?
4
What is the hundreds digit of 8830?
8
What is the tens digit of 920?
2
What is the hundreds digit of 27299?
2
What is the thousands digit of 1758?
1
What is the hundreds digit of 82282?
2
What is the units digit of 3110?
0
What is the hundreds digit of 332?
3
What is the tens digit of 541?
4
What is the tens digit of 17248?
4
What is the tens digit of 14496?
9
What is the hundred thousands digit of 170701?
1
What is the hundreds digit of 2539?
5
What is the tens digit of 24449?
4
What is the tens digit of 3048?
4
What is the units digit of 35504?
4
What is the tens digit of 2294?
9
What is the units digit of 77688?
8
What is the units digit of 1227?
7
What is the hundreds digit of 21207?
2
What is the thousands digit of 7652?
7
What is the ten thousands digit of 129197?
2
What is the ten thousands digit of 20014?
2
What is the units digit of 1814?
4
What is the hundreds digit of 420?
4
What is the tens digit of 34871?
7
What is the tens digit of 15?
1
What is the tens digit of 292?
9
What is the hundreds digit of 1701?
7
What is the units digit of 3701?
1
What is the tens digit of 161?
6
What is the tens digit of 74439?
3
What is the tens digit of 949?
4
What is the ten thousands digit of 55837?
5
What is the thousands digit of 22727?
2
What is the units digit of 1278?
8
What is the units digit of 41838?
8
What is the units digit of 35316?
6
What is the ten thousands digit of 20418?
2
What is the tens digit of 6778?
7
What is the tens digit of 33400?
0
What is the hundreds digit of 9388?
3
What is the thousands digit of 6387?
6
What is the thousands digit of 16839?
6
What is the tens digit of 9940?
4
What is the hundreds digit of 2291?
2
What is the ten thousands digit of 108770?
0
What is the thousands digit of 41347?
1
What is the units digit of 12989?
9
What is the units digit of 1543?
3
What is the hundreds digit of 511?
5
What is the units digit of 1803?
3
What is the tens digit of 42579?
7
What is the thousands digit of 1339?
1
What is the hundreds digit of 242?
2
What is the thousands digit of 94115?
4
What is the tens digit of 3688?
8
What is the tens digit of 6426?
2
What is the hundreds digit of 3452?
4
What is the tens digit of 16319?
1
What is the units digit of 1366?
6
What is the hundreds digit of 56992?
9
What is the units digit of 1128?
8
What is the hundreds digit of 1558?
5
What is the tens digit of 3487?
8
What is the units digit of 1076?
6
What is the thousands digit of 17703?
7
What is the tens digit of 5971?
7
What is the tens digit of 15833?
3
What is the units digit of 838?
8
What is the tens digit of 46168?
6
What is the hundreds digit of 304?
3
What is the thousands digit of 7035?
7
What is the ten thousands digit of 64658?
6
What is the ten thousands digit of 17430?
1
What is the tens digit of 51731?
3
What is the hundreds digit of 1352?
3
What is the thousands digit of 98188?
8
What is the units digit of 2050?
0
What is the hundreds digit of 21722?
7
What is the hundreds digit of 5778?
7
What is the units digit of 322?
2
What is the units digit of 19317?
7
What is the hundreds digit of 23142?
1
What is the hundreds digit of 6356?
3
What is the thousands digit of 75842?
5
What is the tens digit of 987?
8
What is the hundred thousands digit of 117752?
1
What is the thousands digit of 25490?
5
What is the units digit of 23751?
1
What is the thousands digit of 4391?
4
What is the units digit of 114?
4
What is the hundreds digit of 29336?
3
What is the hundreds digit of 414?
4
What is the tens digit of 11556?
5
What is the units digit of 758?
8
What is the hundreds digit of 5235?
2
What is the hundreds digit of 6762?
7
What is the units digit of 18242?
2
What is the thousands digit of 4621?
4
What is the thousands digit of 5340?
5
What is the tens digit of 12788?
8
What is the tens digit of 49143?
4
What is the hundreds digit of 198?
1
What is the ten thousands digit of 62936?
6
What is the tens digit of 886?
8
What is the ten thousands digit of 12734?
1
What is the hundreds digit of 2839?
8
What is the units digit of 2111?
1
What is the units digit of 3008?
8
What is the units digit of 184?
4
What is the tens digit of 83528?
2
What is the ten thousands digit of 39601?
3
What is the units digit of 26?
6
What is the tens digit of 2827?
2
What is the tens digit of 3905?
0
What is the thousands digit of 13688?
3
What is the units digit of 4670?
0
What is the units digit of 93594?
4
What is the units digit of 9136?
6
What is the ten thousands digit of 53703?
5
What is the tens digit of 18494?
9
What is the tens digit of 90225?
2
What is the tens digit of 1732?
3
What is the units digit of 2164?
4
What is the hundreds digit of 43900?
9
What is the units digit of 491?
1
What is the hundreds digit of 8821?
8
What is the units digit of 3656?
6
What is the units digit of 129?
9
What is the units digit of 1847?
7
What is the units digit of 69347?
7
What is the tens digit of 688?
8
What is the units digit of 2070?
0
What is the hundreds digit of 700?
7
What is the ten thousands digit of 25545?
2
What is the units digit of 119066?
6
What is the units digit of 5154?
4
What is the ten thousands digit of 28798?
2
What is the thousands digit of 44505?
4
What is the hundreds digit of 1611?
6
What is the tens digit of 7012?
1
What is the units digit of 315?
5
What is the thousands digit of 127288?
7
What is the tens digit of 52330?
3
What is the hundreds digit of 36459?
4
What is the units digit of 149618?
8
What is the hundreds digit of 3960?
9
What is the tens digit of 7049?
4
What is the thousands digit of 1068?
1
What is the thousands digit of 1366?
1
What is the tens digit of 140240?
4
What is the units digit of 7060?
0
What is the units digit of 3779?
9
What is the hundreds digit of 483?
4
What is the tens digit of 1462?
6
What is the thousands digit of 18129?
8
What is the tens 